 factors of b(o)?
2, 13
Let t(r) = r + 8. Let b be t(-4). What are the prime factors of (-1791)/(-11) - (-3)/(66/b)?
163
Let c(i) = -i**3 + i + 1. Let b(h) = 2*h**3 - 2*h**2 + 3*h - 1. Let m(s) = b(s) - 2*c(s). Let f be m(3). Suppose f = o + 4*o. What are the prime factors of o?
2, 3
Suppose 0 = -3*k - 5*k + 1608. Suppose 6*h = 3*h + k. List the prime factors of h.
67
Suppose 3*g + 6*q - 2*q = 20, 4*q = 3*g - 4. Let p(s) = 2*s**2 + 2. What are the prime factors of p(g)?
2, 17
Suppose -25 = -5*j, 5*f - 3*j - 645 = 815. What are the prime factors of f?
5, 59
List the prime factors of (7 - 8)/((-14118)/(-4707) - 3).
3, 523
Let f(t) = 40*t - 53. What are the prime factors of f(12)?
7, 61
Suppose 3*x - 53 = -2. Suppose -x = g - 43. What are the prime factors of g?
2, 13
Let m(n) = -2 - 2 - n**2 - 11*n - 10. List the prime factors of m(-6).
2
Let i(m) = 199*m**3 + 3*m**2 + m - 2. What are the prime factors of i(1)?
3, 67
Let n = -434 - -655. List the prime factors of n.
13, 17
Let k = 362 + -202. Let a = k - 89. What are the prime factors of (-2 - 2)/2 + a?
3, 23
Let i = 224 + -107. List the prime factors of (-9 - 1)/((-26)/i).
3, 5
Suppose 246*m - 249*m + 6657 = 0. What are the prime factors of m?
7, 317
Let c be (-1)/4 - (-241)/4. Let l be (16/(-12))/(3/(-63)). Suppose c = 30*k - l*k. List the prime factors of k.
2, 3, 5
Let b(d) = -d**3 + 8*d**2 - 7*d + 7. Let y be b(6). Let i = -438 - -491. Let h = i - y. List the prime factors of h.
2
Let l = -27 - -87. Suppose 2*h + l = 3*o - 69, -o - 4*h + 29 = 0. List the prime factors of o.
41
Let u be (120/36)/(2/69). Let p = -68 + u. Suppose -2*r + 3*m + p = 8*m, 12 = 4*m. List the prime factors of r.
2
Let d be ((-20)/(-60))/(0 + 2/12). Suppose 0 = 2*f - 3*x - 190, -2*x - 96 = f - d*f. List the prime factors of f.
2, 23
Let v be 2*1/(-2) + 473. Suppose -5*i = -o - 482, -i - 4*i + v = 4*o. List the prime factors of i.
2, 3
Let k(r) = -r**2 - 6*r + 4. Let i be k(-6). Let g(v) = -12*v + 11. Let h(o) = -25*o + 26. Let p(f) = -5*g(f) + 2*h(f). List the prime factors of p(i).
37
Suppose 2*l + l - 45 = 0. Let j be (90/35)/(6/(-28)). Let u = l + j. What are the prime factors of u?
3
Let h = -9 - -21. Suppose 3*n - h = 72. List the prime factors of n.
2, 7
Suppose 5*x - 16 = -6. Let j be ((-696)/30)/(x/(-5)). Let c = j + -28. List the prime factors of c.
2, 3, 5
Suppose 44*z - 49*z = -3*m + 14651, 3*m = 2*z + 14648. What are the prime factors of m?
2, 2441
Suppose 0 = -x - 2*u + 8, 4*u = 4*x - 0*u + 4. Suppose x*k = 3*d + 29, -d - 1 = -0*k - 5*k. Let p = 49 - d. List the prime factors of p.
2, 3, 5
List the prime factors of (9730/(-21))/(-7 - (-561)/81).
3, 5, 139
Let t = 221 - 123. Let o = -26 + t. List the prime factors of o.
2, 3
Suppose -5*g - c + 236 = 0, g + 27 = 4*c + 91. Suppose w = -w + g. List the prime factors of (-4)/(w/(-2))*21.
7
Let l = 8 + -10. Let c be l/12 - 209/(-66). Suppose 2*z - q - c*q - 52 = 0, 3*z - 89 = -5*q. What are the prime factors of z?
2, 7
Suppose 0 = -5*j - f + 3551, 5*j = j + f + 2839. What are the prime factors of j?
2, 5, 71
Let u(b) = 8*b + 6. Let c be u(3). What are the prime factors of ((-225)/c)/(9/10 - 1)?
3, 5
Suppose -n + 3*n - 392 = 0. Suppose -n = -3*z - z. What are the prime factors of z?
7
Suppose w - 1 = 3. Let n = -15 + w. What are the prime factors of (1/2)/(n/(-88))?
2
Suppose 2 = -6*t + 14. Suppose -t*u = -4*n + 4, -2*n + 1 - 5 = -4*u. Let z(l) = 3*l**3 + 2*l**2 - 2*l + 1. List the prime factors of z(n).
29
Suppose -6*c + 2*h + 190 = -c, 0 = -c - 5*h + 65. Suppose 3*p + 30 = 5*y, 0 = 4*y + 5*p - 21 - c. Suppose 12*g = y*g + 42. What are the prime factors of g?
2, 7
List the prime factors of 1198/5 - (-36)/(-60).
239
Let m = 38 - 14. Suppose 40 = 4*t + 4*z, -z - m = -2*t - 4*z. What are the prime factors of t?
2, 3
Suppose -4*v - 7 - 39 = 2*b, 0 = -4*b - v - 57. Let p = b - -16. Suppose 41 = p*u - 55. What are the prime factors of u?
2
Let r(x) = -196*x - 101. List the prime factors of r(-7).
31, 41
Let y be ((-1)/((-3)/74))/(14/1155). Suppose 0 = -h + 12*h - y. List the prime factors of h.
5, 37
Suppose 2286 = 2*f + 4*h - 9*h, 0 = -4*f - 3*h + 4520. What are the prime factors of f?
11, 103
Let c(q) = -3*q**2 - 6 + q**2 + q**2 + 10*q - q. What are the prime factors of c(7)?
2
Let t(q) = q**3 - 17*q**2 + 34*q + 21. List the prime factors of t(17).
599
Suppose -42080 = 35*v - 122405. What are the prime factors of v?
3, 5, 17
List the prime factors of (2*(-1399)/1)/(34 - 36).
1399
Suppose 8*o = 30046 + 7546. What are the prime factors of o?
37, 127
Let f(b) = 451*b - 270. List the prime factors of f(9).
3, 421
Let f(o) = -o**3 + 38*o**2 + 42*o - 123. Let c be f(39). Let a be 173/3 - (-4)/(-6). What are the prime factors of a/(-9)*(3 + c)?
19
Let s = 12 - 8. List the prime factors of -1*(-234)/(-3 + s).
2, 3, 13
Suppose w = 2*w - 2. Suppose 120 = w*q + q. Suppose 0 = 2*o + l - q, -2*l = -2*o - 4*l + 38. What are the prime factors of o?
3, 7
Let n(j) = 8*j**3 - 4*j**2 + 4*j - 2. Let z be n(2). Suppose -4*a - 288 = -8*a. Suppose 2*p = -4*i - 0*p + a, 3*i - z = 5*p. What are the prime factors of i?
2, 3
Suppose -4*l + 0*l + 304 = 0. Suppose 32 = -4*p + l. Suppose -2*o + y = -3*o + 11, o - 3*y - p = 0. List the prime factors of o.
11
Suppose -n + 52 = 3*n. Let h be (-1)/(-3 + 4/1). Let z = h + n. List the prime factors of z.
2, 3
Let o be (25/(-20))/(1/(-16)). List the prime factors of (o + 0)*(-3)/(-4).
3, 5
List the prime factors of 4 - 3*339/(-9).
3, 13
Let y(k) = k**3 - 30*k**2 + 72*k - 54. What are the prime factors of y(28)?
2, 197
Suppose 5*q + 5*y = -0*y + 1500, 3*q - y - 900 = 0. List the prime factors of q.
2, 3, 5
Suppose -4*w - 4*z = -168, -w = 2*z - 5*z - 50. Let k = 3 + w. What are the prime factors of k?
47
Suppose 0 = -y - 9 - 1. Let u be (y/6)/((-18)/1296). Suppose -f - 5*j + u = f, 0 = -j. List the prime factors of f.
2, 3, 5
Let l = -4 - -8. Suppose -4*t = 5*c - 23, -c - l*t - 7 = -6*c. Suppose 88 = 4*p - c*f, 2*p - 50 = 4*f - f. List the prime factors of p.
19
Let g(f) = 7 - 4*f - 1 + 5*f. Let z be g(-4). Let k(r) = 3*r - 3. What are the prime factors of k(z)?
3
Let y(u) = 2*u**2 + 3*u + 5. Let g(q) = 8*q**2 + 13*q + 19. Let l(i) = -2*g(i) + 9*y(i). Let m be l(5). Let p = m - 44. What are the prime factors of p?
2, 3
Let y be 42/(-9)*(-3678)/4. Let u be y/28 + 2/(-8). Let s = -73 + u. List the prime factors of s.
2, 5
Suppose 1 = -2*i + u + 2, 5*u = -5. Suppose i = 4*k - 29 - 27. List the prime factors of k.
2, 7
Suppose o + 2 - 3 = 0, -5*n + 414 = 4*o. Let b = 134 - n. What are the prime factors of b?
2, 13
Suppose -8*x = -27*x + 32300. List the prime factors of x.
2, 5, 17
Let c = 10744 + -6880. List the prime factors of c.
2, 3, 7, 23
Let o = 40 - 41. List the prime factors of (-468)/(-4) - (o + 3).
5, 23
Suppose -2*a = -4*o - 3 - 1, -1 = 4*a + o. Suppose 5*v - 10 = -0*v. Suppose v*p - 4*f = 8, 8*p - 3*p - 2*f - 44 = a. List the prime factors of p.
2, 5
Let x = 2211 + -1149. What are the prime factors of x?
2, 3, 59
Let a(z) = -2*z**2 + 0*z + z + z**2 + 93 + 87. Let k be a(0). Suppose k = 5*t + 4*j, t + 2*j - 4*j = 50. List the prime factors of t.
2, 5
Let o(r) = 7*r + 608. List the prime factors of o(0).
2, 19
Suppose 4*a + 29*f - 792 = 26*f, -2*a = f - 398. List the prime factors of a.
3, 67
Suppose 2*d - 176 = -t - 43, -695 = -5*t + 5*d. Let m = 237 - t. What are the prime factors of m?
2, 5
Let t(z) = -2*z**3 - 4*z**2 - 4*z. Let a be t(-4). Suppose -2*w - 3*w = -a. Let h = 4 + w. What are the prime factors of h?
2, 5
Suppose 58*p - 56*p - 1018 = 0. List the prime factors of p.
509
List the prime factors of 661 + (0 - (4 + 7 + -6)).
2, 41
Let d(s) = -12*s**2 - s**2 - s**3 + 4 + 6*s**2 + 8*s. Let u be d(-8). Suppose u*o = 2*o - 2*l + 120, 5 = 5*l. What are the prime factors of o?
59
Let v(w) = -100*w - 11. List the prime factors of v(-7).
13, 53
Let c(w) = w + 0*w - 4 + 33. Let j = -9 + 9. List the prime factors of c(j).
29
Let a be 9 - (-3 + 3)/2. List the prime factors of 1/(3/(-207))*(-6)/a.
2, 23
Let d(p) = 119*p - 3. Let v be d(1). Suppose 0*b = -4*b + v. List the prime factors of b.
29
Suppose 34*d - 33*d = 3. List the prime factors of 2/d*1392/32.
29
Let l(i) = -i**3 - 5*i**2 - 2. Let p be l(-4). What are the prime factors of (6/p)/(